{"id":1020,"date":"2025-09-11T17:00:38","date_gmt":"2025-09-11T16:00:38","guid":{"rendered":"https:\/\/www.racontemoitonhistoire.be\/?page_id=1020"},"modified":"2025-09-11T17:00:38","modified_gmt":"2025-09-11T16:00:38","slug":"consultation-dietetique","status":"publish","type":"page","link":"https:\/\/www.racontemoitonhistoire.be\/?page_id=1020","title":{"rendered":"Consultation di\u00e9t\u00e9tique"},"content":{"rendered":"\n<p>Ma\u00eflys Giambusso est la di\u00e9t\u00e9ticienne du centre. Elle accompagne les enfants de la naissance \u00e0 l\u2019adolescence, ainsi que leurs familles ;<\/p>\n\n\n\n<p><strong>\u00d8 Nourrissons (0\u20132 ans)<\/strong><\/p>\n\n\n\n<p>Conseils sur l\u2019allaitement maternel et l\u2019alimentation lact\u00e9e.<\/p>\n\n\n\n<p>Introduction de la diversification alimentaire.<\/p>\n\n\n\n<p>Pr\u00e9vention et gestion des allergies\/intol\u00e9rances (PLV, gluten, etc.).<\/p>\n\n\n\n<p>Adaptation nutritionnelle en cas de reflux, coliques, troubles digestifs.<\/p>\n\n\n\n<p>Mise en place de la Diversification Men\u00e9e par l\u2019Enfant (DME).<\/p>\n\n\n\n<p><\/p>\n\n\n\n<p><strong>\u00d8 Petite enfance (2\u20136 ans)<\/strong><\/p>\n\n\n\n<p>Mise en place d\u2019une alimentation \u00e9quilibr\u00e9e adapt\u00e9e \u00e0 l\u2019\u00e2ge.<\/p>\n\n\n\n<p>Pr\u00e9vention et prise en charge des carences.<\/p>\n\n\n\n<p>Renforcement de l\u2019immunit\u00e9.<\/p>\n\n\n\n<p>Accompagnement des parents face aux enfants s\u00e9lectifs ou \u201cpetits mangeurs\u201d.<\/p>\n\n\n\n<p>Prise en charge du surpoids et de l\u2019ob\u00e9sit\u00e9 infantile.<\/p>\n\n\n\n<p>Atelier nutritionnel en groupe.<\/p>\n\n\n\n<p><\/p>\n\n\n\n<p><strong>\u00d8 Enfants et adolescents (6\u201318 ans)<\/strong><\/p>\n\n\n\n<p>Accompagnement de la croissance et du d\u00e9veloppement.<\/p>\n\n\n\n<p>Conseils pour les jeunes sportifs (nutrition adapt\u00e9e \u00e0 l\u2019activit\u00e9).<\/p>\n\n\n\n<p>Prise en charge des troubles alimentaires pr\u00e9coces (s\u00e9lectivit\u00e9 s\u00e9v\u00e8re, TCA d\u00e9butants).<\/p>\n\n\n\n<p>Accompagnement des r\u00e9gimes sp\u00e9cifiques (v\u00e9g\u00e9tarien\/v\u00e9g\u00e9talien).<\/p>\n\n\n\n<p>Gestion des maladies chroniques : diab\u00e8te de type 1, maladie c\u0153liaque, maladies digestives (MICI, RGO, etc.), \u2026<\/p>\n\n\n\n<p>J\u2019accompagne \u00e9galement les femmes enceintes et allaitantes ;<\/p>\n\n\n\n<p><\/p>\n\n\n\n<p><strong>\u00d8 Pendant la grossesse<\/strong><\/p>\n\n\n\n<p>Bilan nutritionnel personnalis\u00e9 d\u00e8s le d\u00e9but de grossesse.<\/p>\n\n\n\n<p>Conseils pour couvrir les besoins sp\u00e9cifiques (fer, calcium, acide folique, om\u00e9ga-3, iode, &#8230;).<\/p>\n\n\n\n<p>Pr\u00e9vention et prise en charge des inconforts : naus\u00e9es, reflux, constipation, fatigue.<\/p>\n\n\n\n<p>Alimentation adapt\u00e9e en cas de : diab\u00e8te gestationnel, hypertension ou pr\u00e9-\u00e9clampsie, surpoids ou ob\u00e9sit\u00e9, carences nutritionnelles.<\/p>\n\n\n\n<p>Conseils pratiques pour g\u00e9rer les interdits alimentaires et \u00e9viter les risques (list\u00e9riose, toxoplasmose).<\/p>\n\n\n\n<p>Suivi de la prise de poids de mani\u00e8re saine et rassurante.<\/p>\n\n\n\n<p><\/p>\n\n\n\n<p><strong>\u00d8 Pendant l\u2019allaitement<\/strong><\/p>\n\n\n\n<p>Bilan nutritionnel post-partum et ajustement des apports.<\/p>\n\n\n\n<p>Conseils pour favoriser une bonne lactation par l\u2019alimentation.<\/p>\n\n\n\n<p>Pr\u00e9vention et correction des carences (vitamines, min\u00e9raux, prot\u00e9ines).<\/p>\n\n\n\n<p>Gestion de la fatigue et du retour \u00e0 l\u2019\u00e9nergie gr\u00e2ce \u00e0 l\u2019alimentation.<\/p>\n\n\n\n<p>Conseils pour les mamans v\u00e9g\u00e9tariennes ou v\u00e9g\u00e9taliennes allaitantes.<\/p>\n\n\n\n<p>Accompagnement des mamans dont le b\u00e9b\u00e9 pr\u00e9sente une allergie\/ intol\u00e9rance (PLV, etc.) n\u00e9cessitant une adaptation de leur alimentation.<\/p>\n\n\n\n<p><\/p>\n\n\n\n<p>Accompagnement des mamans qui souhaitent perdre du poids sereinement.<\/p>\n\n\n\n<p>\u00d8 <strong>Post-partum<\/strong> : reprise progressive d\u2019une alimentation \u00e9quilibr\u00e9e (avec ou sans allaitement).<\/p>\n\n\n\n<p>\u00d8 <strong>Pr\u00e9conception<\/strong> : optimiser son alimentation avant la grossesse.<\/p>\n","protected":false},"excerpt":{"rendered":"<p>Ma\u00eflys Giambusso est la di\u00e9t\u00e9ticienne du centre. Elle accompagne les enfants de la naissance \u00e0 l\u2019adolescence, ainsi que leurs familles ; \u00d8 Nourrissons (0\u20132 ans) Conseils sur l\u2019allaitement maternel et l\u2019alimentation lact\u00e9e. Introduction de la diversification alimentaire. Pr\u00e9vention et gestion des allergies\/intol\u00e9rances (PLV, gluten, etc.). Adaptation nutritionnelle en cas de reflux, coliques, troubles digestifs. Mise [&hellip;]<\/p>\n","protected":false},"author":1,"featured_media":0,"parent":0,"menu_order":0,"comment_status":"closed","ping_status":"closed","template":"","meta":{"saved_in_kubio":false,"om_disable_all_campaigns":false,"_monsterinsights_skip_tracking":false,"_monsterinsights_sitenote_active":false,"_monsterinsights_sitenote_note":"","_monsterinsights_sitenote_category":0,"footnotes":""},"class_list":["post-1020","page","type-page","status-publish","hentry"],"aioseo_notices":[],"kubio_ai_page_context":{"short_desc":"","purpose":"general"},"_links":{"self":[{"href":"https:\/\/www.racontemoitonhistoire.be\/index.php?rest_route=\/wp\/v2\/pages\/1020","targetHints":{"allow":["GET"]}}],"collection":[{"href":"https:\/\/www.racontemoitonhistoire.be\/index.php?rest_route=\/wp\/v2\/pages"}],"about":[{"href":"https:\/\/www.racontemoitonhistoire.be\/index.php?rest_route=\/wp\/v2\/types\/page"}],"author":[{"embeddable":true,"href":"https:\/\/www.racontemoitonhistoire.be\/index.php?rest_route=\/wp\/v2\/users\/1"}],"replies":[{"embeddable":true,"href":"https:\/\/www.racontemoitonhistoire.be\/index.php?rest_route=%2Fwp%2Fv2%2Fcomments&post=1020"}],"version-history":[{"count":1,"href":"https:\/\/www.racontemoitonhistoire.be\/index.php?rest_route=\/wp\/v2\/pages\/1020\/revisions"}],"predecessor-version":[{"id":1021,"href":"https:\/\/www.racontemoitonhistoire.be\/index.php?rest_route=\/wp\/v2\/pages\/1020\/revisions\/1021"}],"wp:attachment":[{"href":"https:\/\/www.racontemoitonhistoire.be\/index.php?rest_route=%2Fwp%2Fv2%2Fmedia&parent=1020"}],"curies":[{"name":"wp","href":"https:\/\/api.w.org\/{rel}","templated":true}]}}

Consultation diététique

<p>Maïlys Giambusso est la diététicienne du centre. Elle accompagne les enfants de la naissance à l’adolescence, ainsi que leurs familles ;</p>



<p><strong>Ø Nourrissons (0–2 ans)</strong></p>



<p>Conseils sur l’allaitement maternel et l’alimentation lactée.</p>



<p>Introduction de la diversification alimentaire.</p>



<p>Prévention et gestion des allergies/intolérances (PLV, gluten, etc.).</p>



<p>Adaptation nutritionnelle en cas de reflux, coliques, troubles digestifs.</p>



<p>Mise en place de la Diversification Menée par l’Enfant (DME).</p>



<p></p>



<p><strong>Ø Petite enfance (2–6 ans)</strong></p>



<p>Mise en place d’une alimentation équilibrée adaptée à l’âge.</p>



<p>Prévention et prise en charge des carences.</p>



<p>Renforcement de l’immunité.</p>



<p>Accompagnement des parents face aux enfants sélectifs ou “petits mangeurs”.</p>



<p>Prise en charge du surpoids et de l’obésité infantile.</p>



<p>Atelier nutritionnel en groupe.</p>



<p></p>



<p><strong>Ø Enfants et adolescents (6–18 ans)</strong></p>



<p>Accompagnement de la croissance et du développement.</p>



<p>Conseils pour les jeunes sportifs (nutrition adaptée à l’activité).</p>



<p>Prise en charge des troubles alimentaires précoces (sélectivité sévère, TCA débutants).</p>



<p>Accompagnement des régimes spécifiques (végétarien/végétalien).</p>



<p>Gestion des maladies chroniques : diabète de type 1, maladie cœliaque, maladies digestives (MICI, RGO, etc.), …</p>



<p>J’accompagne également les femmes enceintes et allaitantes ;</p>



<p></p>



<p><strong>Ø Pendant la grossesse</strong></p>



<p>Bilan nutritionnel personnalisé dès le début de grossesse.</p>



<p>Conseils pour couvrir les besoins spécifiques (fer, calcium, acide folique, oméga-3, iode, &#8230;).</p>



<p>Prévention et prise en charge des inconforts : nausées, reflux, constipation, fatigue.</p>



<p>Alimentation adaptée en cas de : diabète gestationnel, hypertension ou pré-éclampsie, surpoids ou obésité, carences nutritionnelles.</p>



<p>Conseils pratiques pour gérer les interdits alimentaires et éviter les risques (listériose, toxoplasmose).</p>



<p>Suivi de la prise de poids de manière saine et rassurante.</p>



<p></p>



<p><strong>Ø Pendant l’allaitement</strong></p>



<p>Bilan nutritionnel post-partum et ajustement des apports.</p>



<p>Conseils pour favoriser une bonne lactation par l’alimentation.</p>



<p>Prévention et correction des carences (vitamines, minéraux, protéines).</p>



<p>Gestion de la fatigue et du retour à l’énergie grâce à l’alimentation.</p>



<p>Conseils pour les mamans végétariennes ou végétaliennes allaitantes.</p>



<p>Accompagnement des mamans dont le bébé présente une allergie/ intolérance (PLV, etc.) nécessitant une adaptation de leur alimentation.</p>



<p></p>



<p>Accompagnement des mamans qui souhaitent perdre du poids sereinement.</p>



<p>Ø <strong>Post-partum</strong> : reprise progressive d’une alimentation équilibrée (avec ou sans allaitement).</p>



<p>Ø <strong>Préconception</strong> : optimiser son alimentation avant la grossesse.</p>

<p>Maïlys Giambusso est la diététicienne du centre. Elle accompagne les enfants de la naissance à l’adolescence, ainsi que leurs familles ; Ø Nourrissons (0–2 ans) Conseils sur l’allaitement maternel et l’alimentation lactée. Introduction de la diversification alimentaire. Prévention et gestion des allergies/intolérances (PLV, gluten, etc.). Adaptation nutritionnelle en cas de reflux, coliques, troubles digestifs. Mise [&hellip;]</p>
