{"id":13,"date":"2015-11-26T15:26:33","date_gmt":"2015-11-26T14:26:33","guid":{"rendered":"http:\/\/www.racontemoitonhistoire.be\/?page_id=13"},"modified":"2024-09-04T14:59:41","modified_gmt":"2024-09-04T13:59:41","slug":"les-consultations","status":"publish","type":"page","link":"https:\/\/www.racontemoitonhistoire.be\/?page_id=13","title":{"rendered":"Consultation enfant\/adolescent"},"content":{"rendered":"<div class=\"wp-block-image\">\n<figure class=\"aligncenter size-large is-resized\"><a href=\"http:\/\/www.racontemoitonhistoire.be\/wp-content\/uploads\/2023\/10\/pexels-andrea-piacquadio-3795309-scaled.jpg\"><img loading=\"lazy\" decoding=\"async\" width=\"1024\" height=\"768\" src=\"http:\/\/www.racontemoitonhistoire.be\/wp-content\/uploads\/2023\/10\/pexels-andrea-piacquadio-3795309-1024x768.jpg\" alt=\"\" class=\"wp-image-547\" style=\"width:334px;height:auto\" srcset=\"https:\/\/www.racontemoitonhistoire.be\/wp-content\/uploads\/2023\/10\/pexels-andrea-piacquadio-3795309-1024x768.jpg 1024w, https:\/\/www.racontemoitonhistoire.be\/wp-content\/uploads\/2023\/10\/pexels-andrea-piacquadio-3795309-300x225.jpg 300w, https:\/\/www.racontemoitonhistoire.be\/wp-content\/uploads\/2023\/10\/pexels-andrea-piacquadio-3795309-768x576.jpg 768w, https:\/\/www.racontemoitonhistoire.be\/wp-content\/uploads\/2023\/10\/pexels-andrea-piacquadio-3795309-1536x1151.jpg 1536w, https:\/\/www.racontemoitonhistoire.be\/wp-content\/uploads\/2023\/10\/pexels-andrea-piacquadio-3795309-2048x1535.jpg 2048w\" sizes=\"(max-width: 1024px) 100vw, 1024px\" \/><\/a><\/figure>\n<\/div>\n\n<p><strong>Pourquoi consulter?<\/strong><\/p>\n<p>C\u2019est l&rsquo;entourage de l&rsquo;enfant ou de l&rsquo;adolescent qui d\u00e9cide souvent de faire la d\u00e9marche de consulter. La famille peut avoir \u00e9t\u00e9 conseill\u00e9e par son m\u00e9decin traitant, un professionnel ou un ami. Parfois, l&rsquo;enfant ou l&rsquo;adolescent lui-m\u00eame est inquiet, et sugg\u00e8re de consulter. C\u2019est une d\u00e9marche qui peut \u00eatre d\u00e9licate \u00e0 amorcer. Les premiers contacts permettent \u00e0 la personne\u00a0d&rsquo;exprimer ses difficult\u00e9s et de voir, avec le th\u00e9rapeute, quelle pourrait \u00eatre l\u2019aide qui conviendrait.<\/p>\n<p><strong>Pour quels motifs?<\/strong><\/p>\n<p>Agressivit\u00e9, difficult\u00e9s d\u2019attention, hyperactivit\u00e9, divorce difficile, maladie ou deuil d\u2019un proche, difficult\u00e9s scolaires, repli sur soi, timidit\u00e9 excessive, retard d\u2019apprentissage et de d\u00e9veloppement, troubles du sommeil,\u2026 Voici quelques uns des probl\u00e8mes que rencontrent les enfants et les adolescents et pour lesquels un suivi psychologique peut s&rsquo;av\u00e9rer b\u00e9n\u00e9fique.<\/p>\n<p><strong>A qui s&rsquo;adressent les consultations?<\/strong><\/p>\n<p>Les consultations psychologiques s&rsquo;adressent principalement aux enfants de 3 \u00e0 16 ans et \u00e0 leur famille. Elles se d\u00e9roulent en individuel ou en famille.<\/p>\n<p><a href=\"http:\/\/www.racontemoitonhistoire.be\/wp-content\/uploads\/2023\/10\/pexels-tima-miroshnichenko-5336930-scaled.jpg\"><img loading=\"lazy\" decoding=\"async\" class=\" wp-image-514 aligncenter\" src=\"http:\/\/www.racontemoitonhistoire.be\/wp-content\/uploads\/2023\/10\/pexels-tima-miroshnichenko-5336930-300x200.jpg\" alt=\"\" width=\"369\" height=\"246\" srcset=\"https:\/\/www.racontemoitonhistoire.be\/wp-content\/uploads\/2023\/10\/pexels-tima-miroshnichenko-5336930-300x200.jpg 300w, https:\/\/www.racontemoitonhistoire.be\/wp-content\/uploads\/2023\/10\/pexels-tima-miroshnichenko-5336930-1024x683.jpg 1024w, https:\/\/www.racontemoitonhistoire.be\/wp-content\/uploads\/2023\/10\/pexels-tima-miroshnichenko-5336930-768x512.jpg 768w, https:\/\/www.racontemoitonhistoire.be\/wp-content\/uploads\/2023\/10\/pexels-tima-miroshnichenko-5336930-1536x1024.jpg 1536w, https:\/\/www.racontemoitonhistoire.be\/wp-content\/uploads\/2023\/10\/pexels-tima-miroshnichenko-5336930-2048x1365.jpg 2048w\" sizes=\"(max-width: 369px) 100vw, 369px\" \/><\/a><\/p>\n<p><strong>Pourquoi la th\u00e9rapie par le jeu et la cr\u00e9ativit\u00e9?<\/strong><\/p>\n<p>La th\u00e9rapie par le jeu et la cr\u00e9ativit\u00e9 permet une approche diff\u00e9rente avec les enfants, les adolescents, et les adultes. Alors qu&rsquo;une th\u00e9rapie traditionnelle se base principalement sur la parole et les \u00e9changes verbaux entre le th\u00e9rapeute et son patient, la th\u00e9rapie par le jeu et la cr\u00e9ativit\u00e9 permet au patient d&rsquo;exprimer son mal \u00eatre ou ses probl\u00e8mes au travers de toutes une s\u00e9rie de m\u00e9dias (dessin, bricolage, jeu, danse,&#8230;) qu&rsquo;il aura choisi et dans lequel il se sentira \u00e0 l&rsquo;aise. Cela permet d&rsquo;appr\u00e9hender les probl\u00e8mes dans une globalit\u00e9 plus large et de mieux aider le patient \u00e0 s&rsquo;en sortir.<\/p>\n<p><strong>Quand les consultations ont-elles lieu?<\/strong><\/p>\n<p>Le lundi, mardi, jeudi\u00a0de 14h et 21h.<\/p>\n<p>Le mercredi entre 13h et 18h.<\/p>\n<p>Le samedi entre 9h et 17h.<\/p>\n<p><strong>O\u00f9\u00a0est localis\u00e9 le cabinet-atelier \u00ab\u00a0Raconte-moi ton histoire&#8230;\u00a0\u00bb ?<\/strong><\/p>\n<p>Il est situ\u00e9 dans le village de Moxhe, rue Del Gotch 22A, \u00e0 3 kilom\u00e8tres seulement du centre d&rsquo;Hannut.<\/p>\n<p>Il faut compter 20 minutes depuis le centre de Namur et 30 minutes depuis le centre de Li\u00e8ge.<\/p>\n<p><strong><span style=\"color: #000000;\"><span style=\"font-family: 'Open Sans', sans-serif;\"><span style=\"font-size: medium;\"><b>Combien de temps dure une th\u00e9rapie ?<\/b><\/span><\/span><\/span><\/strong><\/p>\n<p align=\"JUSTIFY\">La dur\u00e9e de la th\u00e9rapie est extr\u00eamement variable\u00a0d&rsquo;un enfant \u00e0 l\u2019autre. L\u2019int\u00e9r\u00eat imm\u00e9diat est de r\u00e9pondre au(x) besoin(s) de(s) personne(s) rencontr\u00e9(es) et ensuite d\u2019aller aussi loin qu\u2019elle(s) le d\u00e9sire(nt). La dur\u00e9e varie donc en fonction des attentes envers la th\u00e9rapie ainsi que de l&rsquo;\u00e9volution du\/des probl\u00e8me(s) soulev\u00e9(s).<\/p>\n<p>Cette question est primordiale, elle est clarifi\u00e9e d\u00e8s la premi\u00e8re s\u00e9ance afin que tout le monde sache la direction donn\u00e9e.<\/p>\n<p>Il faut compter au minimum 7 s\u00e9ances pour d\u00e9marrer un suivi th\u00e9rapeutique. Chaque s\u00e9ance a une dur\u00e9e de 45 minutes.<\/p>\n<p>Attention, la qualit\u00e9 du travail ne d\u00e9pend pas de la longueur de la th\u00e9rapie\u202f!<\/p>\n\n<div class=\"wp-block-image\">\n<figure class=\"aligncenter size-large is-resized\"><a href=\"http:\/\/www.racontemoitonhistoire.be\/wp-content\/uploads\/2023\/10\/pexels-osman-karagoz-18431914-scaled.jpg\"><img loading=\"lazy\" decoding=\"async\" width=\"819\" height=\"1024\" src=\"http:\/\/www.racontemoitonhistoire.be\/wp-content\/uploads\/2023\/10\/pexels-osman-karagoz-18431914-819x1024.jpg\" alt=\"\" class=\"wp-image-489\" style=\"width:226px;height:auto\" srcset=\"https:\/\/www.racontemoitonhistoire.be\/wp-content\/uploads\/2023\/10\/pexels-osman-karagoz-18431914-819x1024.jpg 819w, https:\/\/www.racontemoitonhistoire.be\/wp-content\/uploads\/2023\/10\/pexels-osman-karagoz-18431914-240x300.jpg 240w, https:\/\/www.racontemoitonhistoire.be\/wp-content\/uploads\/2023\/10\/pexels-osman-karagoz-18431914-768x960.jpg 768w, https:\/\/www.racontemoitonhistoire.be\/wp-content\/uploads\/2023\/10\/pexels-osman-karagoz-18431914-1229x1536.jpg 1229w, https:\/\/www.racontemoitonhistoire.be\/wp-content\/uploads\/2023\/10\/pexels-osman-karagoz-18431914-1638x2048.jpg 1638w, https:\/\/www.racontemoitonhistoire.be\/wp-content\/uploads\/2023\/10\/pexels-osman-karagoz-18431914-scaled.jpg 2048w\" sizes=\"(max-width: 819px) 100vw, 819px\" \/><\/a><\/figure>\n<\/div>\n\n\n<p><strong>A quel remboursement ai-je droit?<\/strong><\/p>\n\n\n\n<p>La plupart des mutuelles accorde un remboursement \u00e0 leur affili\u00e9 en ordre de cotisation. Le montant varie d&rsquo;une mutualit\u00e9 \u00e0 l&rsquo;autre. Pour cela, il suffit de demander une attestation sp\u00e9cifique de consultation \u00e0 l&rsquo;issue du suivi psychologique.&nbsp; Roxane Burton est agr\u00e9\u00e9e par la commission nationale des psychologues et dispose \u00e9galement d&rsquo;un agr\u00e9ment aupr\u00e8s de Solidaris.<\/p>\n\n\n\n<p><strong>Comment prendre contact avec la ou le psychologue?<\/strong><\/p>\n\n\n\n<p>Vous pouvez joindre le secr\u00e9tariat du cabinet au 0479\/38.43.88 du lundi au vendredi de 9h \u00e0 17h.<\/p>\n\n\n<div class=\"wp-block-image\">\n<figure class=\"aligncenter size-full is-resized\"><a href=\"http:\/\/www.racontemoitonhistoire.be\/wp-content\/uploads\/2024\/09\/logo-version-jpeg.jpg\"><img loading=\"lazy\" decoding=\"async\" width=\"500\" height=\"500\" src=\"http:\/\/www.racontemoitonhistoire.be\/wp-content\/uploads\/2024\/09\/logo-version-jpeg.jpg\" alt=\"\" class=\"wp-image-603\" style=\"width:313px;height:auto\" srcset=\"https:\/\/www.racontemoitonhistoire.be\/wp-content\/uploads\/2024\/09\/logo-version-jpeg.jpg 500w, https:\/\/www.racontemoitonhistoire.be\/wp-content\/uploads\/2024\/09\/logo-version-jpeg-300x300.jpg 300w, https:\/\/www.racontemoitonhistoire.be\/wp-content\/uploads\/2024\/09\/logo-version-jpeg-150x150.jpg 150w, https:\/\/www.racontemoitonhistoire.be\/wp-content\/uploads\/2024\/09\/logo-version-jpeg-100x100.jpg 100w\" sizes=\"(max-width: 500px) 100vw, 500px\" \/><\/a><\/figure>\n<\/div>","protected":false},"excerpt":{"rendered":"<p>Pourquoi consulter? C\u2019est l&rsquo;entourage de l&rsquo;enfant ou de l&rsquo;adolescent qui d\u00e9cide souvent de faire la d\u00e9marche de consulter. La famille peut avoir \u00e9t\u00e9 conseill\u00e9e par son m\u00e9decin traitant, un professionnel ou un ami. Parfois, l&rsquo;enfant ou l&rsquo;adolescent lui-m\u00eame est inquiet, et sugg\u00e8re de consulter. C\u2019est une d\u00e9marche qui peut \u00eatre d\u00e9licate \u00e0 amorcer. Les premiers [&hellip;]<\/p>\n","protected":false},"author":1,"featured_media":0,"parent":0,"menu_order":0,"comment_status":"closed","ping_status":"closed","template":"","meta":{"saved_in_kubio":false,"om_disable_all_campaigns":false,"_monsterinsights_skip_tracking":false,"_monsterinsights_sitenote_active":false,"_monsterinsights_sitenote_note":"","_monsterinsights_sitenote_category":0,"footnotes":""},"class_list":["post-13","page","type-page","status-publish","hentry"],"aioseo_notices":[],"kubio_ai_page_context":{"short_desc":"","purpose":"general"},"_links":{"self":[{"href":"https:\/\/www.racontemoitonhistoire.be\/index.php?rest_route=\/wp\/v2\/pages\/13","targetHints":{"allow":["GET"]}}],"collection":[{"href":"https:\/\/www.racontemoitonhistoire.be\/index.php?rest_route=\/wp\/v2\/pages"}],"about":[{"href":"https:\/\/www.racontemoitonhistoire.be\/index.php?rest_route=\/wp\/v2\/types\/page"}],"author":[{"embeddable":true,"href":"https:\/\/www.racontemoitonhistoire.be\/index.php?rest_route=\/wp\/v2\/users\/1"}],"replies":[{"embeddable":true,"href":"https:\/\/www.racontemoitonhistoire.be\/index.php?rest_route=%2Fwp%2Fv2%2Fcomments&post=13"}],"version-history":[{"count":30,"href":"https:\/\/www.racontemoitonhistoire.be\/index.php?rest_route=\/wp\/v2\/pages\/13\/revisions"}],"predecessor-version":[{"id":630,"href":"https:\/\/www.racontemoitonhistoire.be\/index.php?rest_route=\/wp\/v2\/pages\/13\/revisions\/630"}],"wp:attachment":[{"href":"https:\/\/www.racontemoitonhistoire.be\/index.php?rest_route=%2Fwp%2Fv2%2Fmedia&parent=13"}],"curies":[{"name":"wp","href":"https:\/\/api.w.org\/{rel}","templated":true}]}}