{"id":687,"date":"2025-05-26T20:59:28","date_gmt":"2025-05-26T19:59:28","guid":{"rendered":"https:\/\/www.racontemoitonhistoire.be\/?page_id=687"},"modified":"2025-07-24T11:03:26","modified_gmt":"2025-07-24T10:03:26","slug":"regine-antoine","status":"publish","type":"page","link":"https:\/\/www.racontemoitonhistoire.be\/?page_id=687","title":{"rendered":"R\u00e9gine Antoine, th\u00e9rapeute familiale"},"content":{"rendered":"<div class=\"wp-block-image\">\n<figure class=\"aligncenter size-large is-resized\"><a href=\"https:\/\/www.racontemoitonhistoire.be\/wp-content\/uploads\/2025\/07\/Racadrees-box-nb-080-scaled.jpg\"><img loading=\"lazy\" decoding=\"async\" width=\"1024\" height=\"997\" src=\"https:\/\/www.racontemoitonhistoire.be\/wp-content\/uploads\/2025\/07\/Racadrees-box-nb-080-1024x997.jpg\" alt=\"\" class=\"wp-image-722\" style=\"width:475px;height:auto\" srcset=\"https:\/\/www.racontemoitonhistoire.be\/wp-content\/uploads\/2025\/07\/Racadrees-box-nb-080-1024x997.jpg 1024w, https:\/\/www.racontemoitonhistoire.be\/wp-content\/uploads\/2025\/07\/Racadrees-box-nb-080-300x292.jpg 300w, https:\/\/www.racontemoitonhistoire.be\/wp-content\/uploads\/2025\/07\/Racadrees-box-nb-080-768x748.jpg 768w, https:\/\/www.racontemoitonhistoire.be\/wp-content\/uploads\/2025\/07\/Racadrees-box-nb-080-1536x1496.jpg 1536w, https:\/\/www.racontemoitonhistoire.be\/wp-content\/uploads\/2025\/07\/Racadrees-box-nb-080-2048x1994.jpg 2048w\" sizes=\"(max-width: 1024px) 100vw, 1024px\" \/><\/a><\/figure>\n<\/div>\n\n\n<p><strong>Qu\u2019est-ce que la th\u00e9rapie familiale ?<\/strong><\/p>\n\n\n\n<p>La th\u00e9rapie familiale est un moment d\u2019\u00e9change et d\u2019\u00e9coute qui r\u00e9unit les membres d\u2019une m\u00eame famille pour mieux comprendre et apaiser les tensions ou les difficult\u00e9s relationnelles. Elle permet d\u2019explorer ensemble les dynamiques familiales, de d\u00e9passer les incompr\u00e9hensions et de r\u00e9tablir un dialogue constructif.<\/p>\n\n\n\n<p>Anim\u00e9e par un th\u00e9rapeute form\u00e9 \u00e0 l\u2019accompagnement des familles, cette approche ne cherche pas \u00e0 d\u00e9signer un responsable, mais \u00e0 permettre \u00e0 chacun d\u2019exprimer ce qu\u2019il vit, de mieux comprendre les autres et de (re)trouver sa place au sein du groupe familial. Elle s\u2019adresse \u00e0 toutes les familles, quels que soient leur composition, leur histoire ou les enjeux rencontr\u00e9s (crise, s\u00e9paration, conflit, maladie, etc.).<\/p>\n\n\n\n<p><strong>Qui suis-je ?<\/strong><\/p>\n\n\n\n<p>Je suis th\u00e9rapeute familiale d\u2019approche syst\u00e9mique, sp\u00e9cialis\u00e9e dans l\u2019accompagnement des familles et des dynamiques relationnelles. Depuis plusieurs ann\u00e9es, je travaille dans le secteur de l\u2019aide \u00e0 la jeunesse, aux c\u00f4t\u00e9s de familles confront\u00e9es \u00e0 des situations parfois complexes ou d\u00e9licates.<\/p>\n\n\n\n<p>Ma pratique est enrichie par des formations en gestion des \u00e9motions et du stress, en intervention relationnelle, ainsi qu\u2019en compr\u00e9hension de l\u2019attachement et des liens parents-enfants. Ces approches me permettent d\u2019offrir \u00e0 la fois un accompagnement parental pour vous aider \u00e0 naviguer dans les d\u00e9fis \u00e9ducatifs, et une th\u00e9rapie familiale pour restaurer la communication et renforcer les liens au sein du groupe familial.<\/p>\n\n\n\n<p>Je propose un espace d\u2019\u00e9coute et de soutien, o\u00f9 chaque membre de la famille peut se sentir respect\u00e9, entendu et accompagn\u00e9, dans un cadre bienveillant et sans jugement.<\/p>\n\n\n\n<p>Pour prendre rendez-vous avec R\u00e9gine Antoine, vous pouvez contacter notre secr\u00e9tariat au 0479\/384.388 ou prendre directement rendez-vous via son agenda en ligne:<\/p>\n\n\n\n<p><a href=\"https:\/\/rosa.be\/fr\/hp\/regine-antoine\">https:\/\/rosa.be\/fr\/hp\/regine-antoine<\/a><\/p>\n\n\n<div class=\"wp-block-image\">\n<figure class=\"aligncenter size-full is-resized\"><a href=\"http:\/\/www.racontemoitonhistoire.be\/wp-content\/uploads\/2024\/09\/logo-version-jpeg.jpg\"><img loading=\"lazy\" decoding=\"async\" width=\"500\" height=\"500\" src=\"http:\/\/www.racontemoitonhistoire.be\/wp-content\/uploads\/2024\/09\/logo-version-jpeg.jpg\" alt=\"\" class=\"wp-image-603\" style=\"width:239px;height:auto\" srcset=\"https:\/\/www.racontemoitonhistoire.be\/wp-content\/uploads\/2024\/09\/logo-version-jpeg.jpg 500w, https:\/\/www.racontemoitonhistoire.be\/wp-content\/uploads\/2024\/09\/logo-version-jpeg-300x300.jpg 300w, https:\/\/www.racontemoitonhistoire.be\/wp-content\/uploads\/2024\/09\/logo-version-jpeg-150x150.jpg 150w, https:\/\/www.racontemoitonhistoire.be\/wp-content\/uploads\/2024\/09\/logo-version-jpeg-100x100.jpg 100w\" sizes=\"(max-width: 500px) 100vw, 500px\" \/><\/a><\/figure>\n<\/div>","protected":false},"excerpt":{"rendered":"<p>Qu\u2019est-ce que la th\u00e9rapie familiale ? La th\u00e9rapie familiale est un moment d\u2019\u00e9change et d\u2019\u00e9coute qui r\u00e9unit les membres d\u2019une m\u00eame famille pour mieux comprendre et apaiser les tensions ou les difficult\u00e9s relationnelles. Elle permet d\u2019explorer ensemble les dynamiques familiales, de d\u00e9passer les incompr\u00e9hensions et de r\u00e9tablir un dialogue constructif. Anim\u00e9e par un th\u00e9rapeute form\u00e9 [&hellip;]<\/p>\n","protected":false},"author":1,"featured_media":0,"parent":0,"menu_order":0,"comment_status":"closed","ping_status":"closed","template":"","meta":{"saved_in_kubio":true,"om_disable_all_campaigns":false,"_monsterinsights_skip_tracking":false,"_monsterinsights_sitenote_active":false,"_monsterinsights_sitenote_note":"","_monsterinsights_sitenote_category":0,"footnotes":""},"class_list":["post-687","page","type-page","status-publish","hentry"],"aioseo_notices":[],"kubio_ai_page_context":{"short_desc":"","purpose":"general"},"_links":{"self":[{"href":"https:\/\/www.racontemoitonhistoire.be\/index.php?rest_route=\/wp\/v2\/pages\/687","targetHints":{"allow":["GET"]}}],"collection":[{"href":"https:\/\/www.racontemoitonhistoire.be\/index.php?rest_route=\/wp\/v2\/pages"}],"about":[{"href":"https:\/\/www.racontemoitonhistoire.be\/index.php?rest_route=\/wp\/v2\/types\/page"}],"author":[{"embeddable":true,"href":"https:\/\/www.racontemoitonhistoire.be\/index.php?rest_route=\/wp\/v2\/users\/1"}],"replies":[{"embeddable":true,"href":"https:\/\/www.racontemoitonhistoire.be\/index.php?rest_route=%2Fwp%2Fv2%2Fcomments&post=687"}],"version-history":[{"count":7,"href":"https:\/\/www.racontemoitonhistoire.be\/index.php?rest_route=\/wp\/v2\/pages\/687\/revisions"}],"predecessor-version":[{"id":952,"href":"https:\/\/www.racontemoitonhistoire.be\/index.php?rest_route=\/wp\/v2\/pages\/687\/revisions\/952"}],"wp:attachment":[{"href":"https:\/\/www.racontemoitonhistoire.be\/index.php?rest_route=%2Fwp%2Fv2%2Fmedia&parent=687"}],"curies":[{"name":"wp","href":"https:\/\/api.w.org\/{rel}","templated":true}]}}

Régine Antoine, thérapeute familiale

<div class="wp-block-image">
<figure class="aligncenter size-large is-resized"><a href="https://www.racontemoitonhistoire.be/wp-content/uploads/2025/07/Racadrees-box-nb-080-scaled.jpg"><img loading="lazy" decoding="async" width="1024" height="997" src="https://www.racontemoitonhistoire.be/wp-content/uploads/2025/07/Racadrees-box-nb-080-1024x997.jpg" alt="" class="wp-image-722" style="width:475px;height:auto" srcset="https://www.racontemoitonhistoire.be/wp-content/uploads/2025/07/Racadrees-box-nb-080-1024x997.jpg 1024w, https://www.racontemoitonhistoire.be/wp-content/uploads/2025/07/Racadrees-box-nb-080-300x292.jpg 300w, https://www.racontemoitonhistoire.be/wp-content/uploads/2025/07/Racadrees-box-nb-080-768x748.jpg 768w, https://www.racontemoitonhistoire.be/wp-content/uploads/2025/07/Racadrees-box-nb-080-1536x1496.jpg 1536w, https://www.racontemoitonhistoire.be/wp-content/uploads/2025/07/Racadrees-box-nb-080-2048x1994.jpg 2048w" sizes="(max-width: 1024px) 100vw, 1024px" /></a></figure>
</div>


<p><strong>Qu’est-ce que la thérapie familiale ?</strong></p>



<p>La thérapie familiale est un moment d’échange et d’écoute qui réunit les membres d’une même famille pour mieux comprendre et apaiser les tensions ou les difficultés relationnelles. Elle permet d’explorer ensemble les dynamiques familiales, de dépasser les incompréhensions et de rétablir un dialogue constructif.</p>



<p>Animée par un thérapeute formé à l’accompagnement des familles, cette approche ne cherche pas à désigner un responsable, mais à permettre à chacun d’exprimer ce qu’il vit, de mieux comprendre les autres et de (re)trouver sa place au sein du groupe familial. Elle s’adresse à toutes les familles, quels que soient leur composition, leur histoire ou les enjeux rencontrés (crise, séparation, conflit, maladie, etc.).</p>



<p><strong>Qui suis-je ?</strong></p>



<p>Je suis thérapeute familiale d’approche systémique, spécialisée dans l’accompagnement des familles et des dynamiques relationnelles. Depuis plusieurs années, je travaille dans le secteur de l’aide à la jeunesse, aux côtés de familles confrontées à des situations parfois complexes ou délicates.</p>



<p>Ma pratique est enrichie par des formations en gestion des émotions et du stress, en intervention relationnelle, ainsi qu’en compréhension de l’attachement et des liens parents-enfants. Ces approches me permettent d’offrir à la fois un accompagnement parental pour vous aider à naviguer dans les défis éducatifs, et une thérapie familiale pour restaurer la communication et renforcer les liens au sein du groupe familial.</p>



<p>Je propose un espace d’écoute et de soutien, où chaque membre de la famille peut se sentir respecté, entendu et accompagné, dans un cadre bienveillant et sans jugement.</p>



<p>Pour prendre rendez-vous avec Régine Antoine, vous pouvez contacter notre secrétariat au 0479/384.388 ou prendre directement rendez-vous via son agenda en ligne:</p>



<p><a href="https://rosa.be/fr/hp/regine-antoine">https://rosa.be/fr/hp/regine-antoine</a></p>


<div class="wp-block-image">
<figure class="aligncenter size-full is-resized"><a href="http://www.racontemoitonhistoire.be/wp-content/uploads/2024/09/logo-version-jpeg.jpg"><img loading="lazy" decoding="async" width="500" height="500" src="http://www.racontemoitonhistoire.be/wp-content/uploads/2024/09/logo-version-jpeg.jpg" alt="" class="wp-image-603" style="width:239px;height:auto" srcset="https://www.racontemoitonhistoire.be/wp-content/uploads/2024/09/logo-version-jpeg.jpg 500w, https://www.racontemoitonhistoire.be/wp-content/uploads/2024/09/logo-version-jpeg-300x300.jpg 300w, https://www.racontemoitonhistoire.be/wp-content/uploads/2024/09/logo-version-jpeg-150x150.jpg 150w, https://www.racontemoitonhistoire.be/wp-content/uploads/2024/09/logo-version-jpeg-100x100.jpg 100w" sizes="(max-width: 500px) 100vw, 500px" /></a></figure>
</div>

<p>Qu’est-ce que la thérapie familiale ? La thérapie familiale est un moment d’échange et d’écoute qui réunit les membres d’une même famille pour mieux comprendre et apaiser les tensions ou les difficultés relationnelles. Elle permet d’explorer ensemble les dynamiques familiales, de dépasser les incompréhensions et de rétablir un dialogue constructif. Animée par un thérapeute formé [&hellip;]</p>
