{"id":694,"date":"2025-07-16T20:14:07","date_gmt":"2025-07-16T19:14:07","guid":{"rendered":"https:\/\/www.racontemoitonhistoire.be\/?page_id=694"},"modified":"2025-07-25T14:42:45","modified_gmt":"2025-07-25T13:42:45","slug":"emilie-docquier-psychologue-clinicienne-adulte","status":"publish","type":"page","link":"https:\/\/www.racontemoitonhistoire.be\/?page_id=694","title":{"rendered":"Emilie Docquier, psychologue adulte"},"content":{"rendered":"<div class=\"wp-block-image\">\n<figure class=\"aligncenter size-large is-resized\"><a href=\"https:\/\/www.racontemoitonhistoire.be\/wp-content\/uploads\/2025\/07\/Racadrees-box-nb-098-scaled.jpg\"><img loading=\"lazy\" decoding=\"async\" width=\"1024\" height=\"992\" src=\"https:\/\/www.racontemoitonhistoire.be\/wp-content\/uploads\/2025\/07\/Racadrees-box-nb-098-1024x992.jpg\" alt=\"\" class=\"wp-image-695\" style=\"width:511px;height:auto\" srcset=\"https:\/\/www.racontemoitonhistoire.be\/wp-content\/uploads\/2025\/07\/Racadrees-box-nb-098-1024x992.jpg 1024w, https:\/\/www.racontemoitonhistoire.be\/wp-content\/uploads\/2025\/07\/Racadrees-box-nb-098-300x291.jpg 300w, https:\/\/www.racontemoitonhistoire.be\/wp-content\/uploads\/2025\/07\/Racadrees-box-nb-098-768x744.jpg 768w, https:\/\/www.racontemoitonhistoire.be\/wp-content\/uploads\/2025\/07\/Racadrees-box-nb-098-1536x1488.jpg 1536w, https:\/\/www.racontemoitonhistoire.be\/wp-content\/uploads\/2025\/07\/Racadrees-box-nb-098-2048x1984.jpg 2048w\" sizes=\"(max-width: 1024px) 100vw, 1024px\" \/><\/a><\/figure>\n<\/div>\n\n\n<p>Je crois fermement que l&rsquo;\u00eatre humain est naturellement r\u00e9silient mais parfois un partenaire sur ce chemin s&rsquo;av\u00e8re n\u00e9cessaire.<\/p>\n\n\n\n<p>Dipl\u00f4m\u00e9e en psychologie clinique (2010) et en psychoth\u00e9rapie int\u00e9gr\u00e9e (2013) et dot\u00e9e d&rsquo;une solide exp\u00e9rience en milieu hospitalier et ambulatoire, je vous propose un travail collaboratif bas\u00e9 sur les principes de la psychoth\u00e9rapie int\u00e9gr\u00e9e. Cela signifie que je vous accompagnerai vers un mieux \u00eatre avec bienveillance, empathie et sans jugement par le biais \u00e9ventuel de techniques issues des th\u00e9rapies cognitives, comportementales et \u00e9motionnelles tout en vous consid\u00e9rant comme membre \u00e0 part enti\u00e8re de vos diff\u00e9rents syst\u00e8mes (familial, professionnel, social,&#8230;).<\/p>\n\n\n\n<p>Vous serez acteur de votre th\u00e9rapie en vous fixant vos propres objectifs et ensemble nous tenterons de les atteindre \u00e0 votre rythme.<\/p>\n\n\n\n<p><strong>Pathologies prises en charge :<\/strong><\/p>\n\n\n\n<p>-Troubles de l&rsquo;usage d&rsquo;un produit (alcool, cannabis,&#8230;), d\u00e9pendances comportementales (\u00e9crans, jeux,&#8230;)<\/p>\n\n\n\n<p>-Troubles psychosomatiques<\/p>\n\n\n\n<p>-Symptomatologies d\u00e9pressive ou anxieuse<\/p>\n\n\n\n<p>-Troubles bipolaires et psychotiques\u00a0<\/p>\n\n\n\n<p>-Troubles de la personnalit\u00e9\u00a0<\/p>\n\n\n\n<p>-Difficult\u00e9s relationnelles (conjugales, familiales, professionnelles, proche malade,&#8230;)<\/p>\n\n\n\n<p>-Deuil<\/p>\n\n\n\n\n\n<p>Public: jeunes adultes, adultes, seniors<\/p>\n\n\n\n<p>Prix de la s\u00e9ance : 60\u20ac<\/p>\n\n\n\n<p>Un remboursement partiel de la s\u00e9ance est octroy\u00e9 par les mutuelles, pensez \u00e0 vous munir du document.<\/p>\n\n\n\n<p>Une indemnit\u00e9 forfaitaire de 30\u20ac vous sera demand\u00e9e pour tout rendez-vous non honor\u00e9 ou non annul\u00e9 24h \u00e0 l&rsquo;avance.<\/p>\n\n\n\n<p><\/p>\n\n\n\n<p>Pour prendre directement rendez-vous avec Emilie Docquier, rendez-vous sur son agenda en ligne:<\/p>\n\n\n\n<p><a href=\"https:\/\/rosa.be\/fr\/booking\/hp\/emilie-docquier\/is-new-patient\/?site=67cb0f6416052fcf9205f97d\">https:\/\/rosa.be\/fr\/booking\/hp\/emilie-docquier\/is-new-patient\/?site=67cb0f6416052fcf9205f97d<\/a><\/p>\n\n\n<div class=\"wp-block-image\">\n<figure class=\"aligncenter size-full is-resized\"><a href=\"http:\/\/www.racontemoitonhistoire.be\/wp-content\/uploads\/2024\/09\/logo-version-jpeg.jpg\"><img loading=\"lazy\" decoding=\"async\" width=\"500\" height=\"500\" src=\"http:\/\/www.racontemoitonhistoire.be\/wp-content\/uploads\/2024\/09\/logo-version-jpeg.jpg\" alt=\"\" class=\"wp-image-603\" style=\"width:234px;height:auto\" srcset=\"https:\/\/www.racontemoitonhistoire.be\/wp-content\/uploads\/2024\/09\/logo-version-jpeg.jpg 500w, https:\/\/www.racontemoitonhistoire.be\/wp-content\/uploads\/2024\/09\/logo-version-jpeg-300x300.jpg 300w, https:\/\/www.racontemoitonhistoire.be\/wp-content\/uploads\/2024\/09\/logo-version-jpeg-150x150.jpg 150w, https:\/\/www.racontemoitonhistoire.be\/wp-content\/uploads\/2024\/09\/logo-version-jpeg-100x100.jpg 100w\" sizes=\"(max-width: 500px) 100vw, 500px\" \/><\/a><\/figure>\n<\/div>","protected":false},"excerpt":{"rendered":"<p>Je crois fermement que l&rsquo;\u00eatre humain est naturellement r\u00e9silient mais parfois un partenaire sur ce chemin s&rsquo;av\u00e8re n\u00e9cessaire. Dipl\u00f4m\u00e9e en psychologie clinique (2010) et en psychoth\u00e9rapie int\u00e9gr\u00e9e (2013) et dot\u00e9e d&rsquo;une solide exp\u00e9rience en milieu hospitalier et ambulatoire, je vous propose un travail collaboratif bas\u00e9 sur les principes de la psychoth\u00e9rapie int\u00e9gr\u00e9e. Cela signifie que [&hellip;]<\/p>\n","protected":false},"author":1,"featured_media":0,"parent":0,"menu_order":0,"comment_status":"closed","ping_status":"closed","template":"","meta":{"saved_in_kubio":true,"om_disable_all_campaigns":false,"_monsterinsights_skip_tracking":false,"_monsterinsights_sitenote_active":false,"_monsterinsights_sitenote_note":"","_monsterinsights_sitenote_category":0,"footnotes":""},"class_list":["post-694","page","type-page","status-publish","hentry"],"aioseo_notices":[],"kubio_ai_page_context":{"short_desc":"","purpose":"general"},"_links":{"self":[{"href":"https:\/\/www.racontemoitonhistoire.be\/index.php?rest_route=\/wp\/v2\/pages\/694","targetHints":{"allow":["GET"]}}],"collection":[{"href":"https:\/\/www.racontemoitonhistoire.be\/index.php?rest_route=\/wp\/v2\/pages"}],"about":[{"href":"https:\/\/www.racontemoitonhistoire.be\/index.php?rest_route=\/wp\/v2\/types\/page"}],"author":[{"embeddable":true,"href":"https:\/\/www.racontemoitonhistoire.be\/index.php?rest_route=\/wp\/v2\/users\/1"}],"replies":[{"embeddable":true,"href":"https:\/\/www.racontemoitonhistoire.be\/index.php?rest_route=%2Fwp%2Fv2%2Fcomments&post=694"}],"version-history":[{"count":7,"href":"https:\/\/www.racontemoitonhistoire.be\/index.php?rest_route=\/wp\/v2\/pages\/694\/revisions"}],"predecessor-version":[{"id":997,"href":"https:\/\/www.racontemoitonhistoire.be\/index.php?rest_route=\/wp\/v2\/pages\/694\/revisions\/997"}],"wp:attachment":[{"href":"https:\/\/www.racontemoitonhistoire.be\/index.php?rest_route=%2Fwp%2Fv2%2Fmedia&parent=694"}],"curies":[{"name":"wp","href":"https:\/\/api.w.org\/{rel}","templated":true}]}}

<div class="wp-block-image">
<figure class="aligncenter size-large is-resized"><a href="https://www.racontemoitonhistoire.be/wp-content/uploads/2025/07/Racadrees-box-nb-098-scaled.jpg"><img loading="lazy" decoding="async" width="1024" height="992" src="https://www.racontemoitonhistoire.be/wp-content/uploads/2025/07/Racadrees-box-nb-098-1024x992.jpg" alt="" class="wp-image-695" style="width:511px;height:auto" srcset="https://www.racontemoitonhistoire.be/wp-content/uploads/2025/07/Racadrees-box-nb-098-1024x992.jpg 1024w, https://www.racontemoitonhistoire.be/wp-content/uploads/2025/07/Racadrees-box-nb-098-300x291.jpg 300w, https://www.racontemoitonhistoire.be/wp-content/uploads/2025/07/Racadrees-box-nb-098-768x744.jpg 768w, https://www.racontemoitonhistoire.be/wp-content/uploads/2025/07/Racadrees-box-nb-098-1536x1488.jpg 1536w, https://www.racontemoitonhistoire.be/wp-content/uploads/2025/07/Racadrees-box-nb-098-2048x1984.jpg 2048w" sizes="(max-width: 1024px) 100vw, 1024px" /></a></figure>
</div>


<p>Je crois fermement que l&rsquo;être humain est naturellement résilient mais parfois un partenaire sur ce chemin s&rsquo;avère nécessaire.</p>



<p>Diplômée en psychologie clinique (2010) et en psychothérapie intégrée (2013) et dotée d&rsquo;une solide expérience en milieu hospitalier et ambulatoire, je vous propose un travail collaboratif basé sur les principes de la psychothérapie intégrée. Cela signifie que je vous accompagnerai vers un mieux être avec bienveillance, empathie et sans jugement par le biais éventuel de techniques issues des thérapies cognitives, comportementales et émotionnelles tout en vous considérant comme membre à part entière de vos différents systèmes (familial, professionnel, social,&#8230;).</p>



<p>Vous serez acteur de votre thérapie en vous fixant vos propres objectifs et ensemble nous tenterons de les atteindre à votre rythme.</p>



<p><strong>Pathologies prises en charge :</strong></p>



<p>-Troubles de l&rsquo;usage d&rsquo;un produit (alcool, cannabis,&#8230;), dépendances comportementales (écrans, jeux,&#8230;)</p>



<p>-Troubles psychosomatiques</p>



<p>-Symptomatologies dépressive ou anxieuse</p>



<p>-Troubles bipolaires et psychotiques </p>



<p>-Troubles de la personnalité </p>



<p>-Difficultés relationnelles (conjugales, familiales, professionnelles, proche malade,&#8230;)</p>



<p>-Deuil</p>





<p>Public: jeunes adultes, adultes, seniors</p>



<p>Prix de la séance : 60€</p>



<p>Un remboursement partiel de la séance est octroyé par les mutuelles, pensez à vous munir du document.</p>



<p>Une indemnité forfaitaire de 30€ vous sera demandée pour tout rendez-vous non honoré ou non annulé 24h à l&rsquo;avance.</p>



<p></p>



<p>Pour prendre directement rendez-vous avec Emilie Docquier, rendez-vous sur son agenda en ligne:</p>



<p><a href="https://rosa.be/fr/booking/hp/emilie-docquier/is-new-patient/?site=67cb0f6416052fcf9205f97d">https://rosa.be/fr/booking/hp/emilie-docquier/is-new-patient/?site=67cb0f6416052fcf9205f97d</a></p>


<div class="wp-block-image">
<figure class="aligncenter size-full is-resized"><a href="http://www.racontemoitonhistoire.be/wp-content/uploads/2024/09/logo-version-jpeg.jpg"><img loading="lazy" decoding="async" width="500" height="500" src="http://www.racontemoitonhistoire.be/wp-content/uploads/2024/09/logo-version-jpeg.jpg" alt="" class="wp-image-603" style="width:234px;height:auto" srcset="https://www.racontemoitonhistoire.be/wp-content/uploads/2024/09/logo-version-jpeg.jpg 500w, https://www.racontemoitonhistoire.be/wp-content/uploads/2024/09/logo-version-jpeg-300x300.jpg 300w, https://www.racontemoitonhistoire.be/wp-content/uploads/2024/09/logo-version-jpeg-150x150.jpg 150w, https://www.racontemoitonhistoire.be/wp-content/uploads/2024/09/logo-version-jpeg-100x100.jpg 100w" sizes="(max-width: 500px) 100vw, 500px" /></a></figure>
</div>

<p>Je crois fermement que l&rsquo;être humain est naturellement résilient mais parfois un partenaire sur ce chemin s&rsquo;avère nécessaire. Diplômée en psychologie clinique (2010) et en psychothérapie intégrée (2013) et dotée d&rsquo;une solide expérience en milieu hospitalier et ambulatoire, je vous propose un travail collaboratif basé sur les principes de la psychothérapie intégrée. Cela signifie que [&hellip;]</p>
