{"id":726,"date":"2025-07-16T20:43:01","date_gmt":"2025-07-16T19:43:01","guid":{"rendered":"https:\/\/www.racontemoitonhistoire.be\/?page_id=726"},"modified":"2025-07-25T14:59:37","modified_gmt":"2025-07-25T13:59:37","slug":"evelyne-lisein-logopede","status":"publish","type":"page","link":"https:\/\/www.racontemoitonhistoire.be\/?page_id=726","title":{"rendered":"Evelyne Lisein, logop\u00e8de"},"content":{"rendered":"<div class=\"wp-block-image\">\n<figure class=\"aligncenter size-large is-resized\"><a href=\"https:\/\/www.racontemoitonhistoire.be\/wp-content\/uploads\/2025\/07\/Recadree-pour-photobox-092-scaled.jpg\"><img loading=\"lazy\" decoding=\"async\" width=\"1024\" height=\"992\" src=\"https:\/\/www.racontemoitonhistoire.be\/wp-content\/uploads\/2025\/07\/Recadree-pour-photobox-092-1024x992.jpg\" alt=\"\" class=\"wp-image-727\" style=\"width:441px;height:auto\" srcset=\"https:\/\/www.racontemoitonhistoire.be\/wp-content\/uploads\/2025\/07\/Recadree-pour-photobox-092-1024x992.jpg 1024w, https:\/\/www.racontemoitonhistoire.be\/wp-content\/uploads\/2025\/07\/Recadree-pour-photobox-092-300x291.jpg 300w, https:\/\/www.racontemoitonhistoire.be\/wp-content\/uploads\/2025\/07\/Recadree-pour-photobox-092-768x744.jpg 768w, https:\/\/www.racontemoitonhistoire.be\/wp-content\/uploads\/2025\/07\/Recadree-pour-photobox-092-1536x1488.jpg 1536w, https:\/\/www.racontemoitonhistoire.be\/wp-content\/uploads\/2025\/07\/Recadree-pour-photobox-092-2048x1984.jpg 2048w\" sizes=\"(max-width: 1024px) 100vw, 1024px\" \/><\/a><\/figure>\n<\/div>\n\n\n<p>Evelyne Lisein est l&rsquo;<strong>une des deux logop\u00e8des<\/strong> que compte le centre pluridisciplinaire \u00ab\u00a0Raconte-moi ton histoire&#8230;\u00a0\u00bb bas\u00e9 \u00e0 Hannut. Elle est sp\u00e9cialis\u00e9e dans la prise en charge d&rsquo;enfants.<\/p>\n\n\n\n\n\n\n\n\n<div class=\"wp-block-image\">\n<figure class=\"aligncenter size-full is-resized\"><a href=\"http:\/\/www.racontemoitonhistoire.be\/wp-content\/uploads\/2024\/09\/logo-version-jpeg.jpg\"><img loading=\"lazy\" decoding=\"async\" width=\"500\" height=\"500\" src=\"http:\/\/www.racontemoitonhistoire.be\/wp-content\/uploads\/2024\/09\/logo-version-jpeg.jpg\" alt=\"\" class=\"wp-image-603\" style=\"width:256px;height:auto\" srcset=\"https:\/\/www.racontemoitonhistoire.be\/wp-content\/uploads\/2024\/09\/logo-version-jpeg.jpg 500w, https:\/\/www.racontemoitonhistoire.be\/wp-content\/uploads\/2024\/09\/logo-version-jpeg-300x300.jpg 300w, https:\/\/www.racontemoitonhistoire.be\/wp-content\/uploads\/2024\/09\/logo-version-jpeg-150x150.jpg 150w, https:\/\/www.racontemoitonhistoire.be\/wp-content\/uploads\/2024\/09\/logo-version-jpeg-100x100.jpg 100w\" sizes=\"(max-width: 500px) 100vw, 500px\" \/><\/a><\/figure>\n<\/div>","protected":false},"excerpt":{"rendered":"<p>Evelyne Lisein est l&rsquo;une des deux logop\u00e8des que compte le centre pluridisciplinaire \u00ab\u00a0Raconte-moi ton histoire&#8230;\u00a0\u00bb bas\u00e9 \u00e0 Hannut. Elle est sp\u00e9cialis\u00e9e dans la prise en charge d&rsquo;enfants.<\/p>\n","protected":false},"author":1,"featured_media":0,"parent":0,"menu_order":0,"comment_status":"closed","ping_status":"closed","template":"","meta":{"saved_in_kubio":true,"om_disable_all_campaigns":false,"_monsterinsights_skip_tracking":false,"_monsterinsights_sitenote_active":false,"_monsterinsights_sitenote_note":"","_monsterinsights_sitenote_category":0,"footnotes":""},"class_list":["post-726","page","type-page","status-publish","hentry"],"aioseo_notices":[],"kubio_ai_page_context":{"short_desc":"","purpose":"general"},"_links":{"self":[{"href":"https:\/\/www.racontemoitonhistoire.be\/index.php?rest_route=\/wp\/v2\/pages\/726","targetHints":{"allow":["GET"]}}],"collection":[{"href":"https:\/\/www.racontemoitonhistoire.be\/index.php?rest_route=\/wp\/v2\/pages"}],"about":[{"href":"https:\/\/www.racontemoitonhistoire.be\/index.php?rest_route=\/wp\/v2\/types\/page"}],"author":[{"embeddable":true,"href":"https:\/\/www.racontemoitonhistoire.be\/index.php?rest_route=\/wp\/v2\/users\/1"}],"replies":[{"embeddable":true,"href":"https:\/\/www.racontemoitonhistoire.be\/index.php?rest_route=%2Fwp%2Fv2%2Fcomments&post=726"}],"version-history":[{"count":4,"href":"https:\/\/www.racontemoitonhistoire.be\/index.php?rest_route=\/wp\/v2\/pages\/726\/revisions"}],"predecessor-version":[{"id":1011,"href":"https:\/\/www.racontemoitonhistoire.be\/index.php?rest_route=\/wp\/v2\/pages\/726\/revisions\/1011"}],"wp:attachment":[{"href":"https:\/\/www.racontemoitonhistoire.be\/index.php?rest_route=%2Fwp%2Fv2%2Fmedia&parent=726"}],"curies":[{"name":"wp","href":"https:\/\/api.w.org\/{rel}","templated":true}]}}

Evelyne Lisein, logopède

<div class="wp-block-image">
<figure class="aligncenter size-large is-resized"><a href="https://www.racontemoitonhistoire.be/wp-content/uploads/2025/07/Recadree-pour-photobox-092-scaled.jpg"><img loading="lazy" decoding="async" width="1024" height="992" src="https://www.racontemoitonhistoire.be/wp-content/uploads/2025/07/Recadree-pour-photobox-092-1024x992.jpg" alt="" class="wp-image-727" style="width:441px;height:auto" srcset="https://www.racontemoitonhistoire.be/wp-content/uploads/2025/07/Recadree-pour-photobox-092-1024x992.jpg 1024w, https://www.racontemoitonhistoire.be/wp-content/uploads/2025/07/Recadree-pour-photobox-092-300x291.jpg 300w, https://www.racontemoitonhistoire.be/wp-content/uploads/2025/07/Recadree-pour-photobox-092-768x744.jpg 768w, https://www.racontemoitonhistoire.be/wp-content/uploads/2025/07/Recadree-pour-photobox-092-1536x1488.jpg 1536w, https://www.racontemoitonhistoire.be/wp-content/uploads/2025/07/Recadree-pour-photobox-092-2048x1984.jpg 2048w" sizes="(max-width: 1024px) 100vw, 1024px" /></a></figure>
</div>


<p>Evelyne Lisein est l&rsquo;<strong>une des deux logopèdes</strong> que compte le centre pluridisciplinaire « Raconte-moi ton histoire&#8230; » basé à Hannut. Elle est spécialisée dans la prise en charge d&rsquo;enfants.</p>








<div class="wp-block-image">
<figure class="aligncenter size-full is-resized"><a href="http://www.racontemoitonhistoire.be/wp-content/uploads/2024/09/logo-version-jpeg.jpg"><img loading="lazy" decoding="async" width="500" height="500" src="http://www.racontemoitonhistoire.be/wp-content/uploads/2024/09/logo-version-jpeg.jpg" alt="" class="wp-image-603" style="width:256px;height:auto" srcset="https://www.racontemoitonhistoire.be/wp-content/uploads/2024/09/logo-version-jpeg.jpg 500w, https://www.racontemoitonhistoire.be/wp-content/uploads/2024/09/logo-version-jpeg-300x300.jpg 300w, https://www.racontemoitonhistoire.be/wp-content/uploads/2024/09/logo-version-jpeg-150x150.jpg 150w, https://www.racontemoitonhistoire.be/wp-content/uploads/2024/09/logo-version-jpeg-100x100.jpg 100w" sizes="(max-width: 500px) 100vw, 500px" /></a></figure>
</div>

<p>Evelyne Lisein est l&rsquo;une des deux logopèdes que compte le centre pluridisciplinaire « Raconte-moi ton histoire&#8230; » basé à Hannut. Elle est spécialisée dans la prise en charge d&rsquo;enfants.</p>
