{"id":9,"date":"2015-11-26T15:24:44","date_gmt":"2015-11-26T14:24:44","guid":{"rendered":"http:\/\/www.racontemoitonhistoire.be\/?page_id=9"},"modified":"2024-09-04T14:36:26","modified_gmt":"2024-09-04T13:36:26","slug":"la-therapie-par-le-jeu-et-la-creativite","status":"publish","type":"page","link":"https:\/\/www.racontemoitonhistoire.be\/?page_id=9","title":{"rendered":"La Th\u00e9rapie par le Jeu et la Cr\u00e9ativit\u00e9"},"content":{"rendered":"<div class=\"wp-block-image\">\n<figure class=\"aligncenter size-large is-resized\"><a href=\"http:\/\/www.racontemoitonhistoire.be\/wp-content\/uploads\/2023\/10\/pexels-cottonbro-studio-3662630-scaled.jpg\"><img loading=\"lazy\" decoding=\"async\" width=\"683\" height=\"1024\" src=\"http:\/\/www.racontemoitonhistoire.be\/wp-content\/uploads\/2023\/10\/pexels-cottonbro-studio-3662630-683x1024.jpg\" alt=\"\" class=\"wp-image-520\" style=\"width:237px;height:auto\" srcset=\"https:\/\/www.racontemoitonhistoire.be\/wp-content\/uploads\/2023\/10\/pexels-cottonbro-studio-3662630-683x1024.jpg 683w, https:\/\/www.racontemoitonhistoire.be\/wp-content\/uploads\/2023\/10\/pexels-cottonbro-studio-3662630-200x300.jpg 200w, https:\/\/www.racontemoitonhistoire.be\/wp-content\/uploads\/2023\/10\/pexels-cottonbro-studio-3662630-768x1152.jpg 768w, https:\/\/www.racontemoitonhistoire.be\/wp-content\/uploads\/2023\/10\/pexels-cottonbro-studio-3662630-1024x1536.jpg 1024w, https:\/\/www.racontemoitonhistoire.be\/wp-content\/uploads\/2023\/10\/pexels-cottonbro-studio-3662630-1365x2048.jpg 1365w, https:\/\/www.racontemoitonhistoire.be\/wp-content\/uploads\/2023\/10\/pexels-cottonbro-studio-3662630-scaled.jpg 1707w\" sizes=\"(max-width: 683px) 100vw, 683px\" \/><\/a><\/figure>\n<\/div>\n\n\n<p><strong>La Th\u00e9rapie par le Jeu et la Cr\u00e9ativit\u00e9, qu&rsquo;est-ce que c&rsquo;est ?<\/strong><\/p>\n\n\n\n<p>Roxane Burton est la psychologue responsable du cabinet \u00ab\u00a0Raconte-moi ton histoire&#8230;\u00a0\u00bb qui s&rsquo;est sp\u00e9cialis\u00e9e dans le suivi d&rsquo;enfants, d&rsquo;adolescents et de jeunes adultes en utilisant la Th\u00e9rapie par le Jeu et la Cr\u00e9ativit\u00e9, famili\u00e8rement appel\u00e9e la TJC.<\/p>\n\n\n\n<p>Cette approche a \u00e9t\u00e9 cr\u00e9\u00e9e par Verity J.GAVIN. Elle est fond\u00e9e sur la rencontre, dans un grand respect du potentiel cr\u00e9atif inn\u00e9 de la personne et de celui du th\u00e9rapeute. Elle accorde une valeur centrale \u00e0 la relation dans le travail th\u00e9rapeutique. Le&nbsp;jeu est le centre du d\u00e9veloppement de l\u2019\u00eatre humain et la base de la cr\u00e9ativit\u00e9 relationnelle, tout au long de la vie. Celle-ci permet d\u2019entrer en contact avec la vitalit\u00e9 d\u2019\u00eatre, l\u2019ouverture relationnelle et le courage de s\u2019exprimer pour faire face aux difficult\u00e9s, aux conflits et en faire sens. Elle \u00e9merge dans la relation th\u00e9rapeutique par le jeu et la cr\u00e9ativit\u00e9.<\/p>\n\n\n\n<p class=\"has-text-align-center\"><strong>Le jeu est le moyen privil\u00e9gi\u00e9 par l&rsquo;enfant pour s&rsquo;exprimer&#8230;<\/strong><\/p>\n\n\n<div class=\"wp-block-image\">\n<figure class=\"aligncenter size-large is-resized\"><a href=\"http:\/\/www.racontemoitonhistoire.be\/wp-content\/uploads\/2023\/10\/pexels-mikhail-nilov-8923027-scaled.jpg\"><img loading=\"lazy\" decoding=\"async\" width=\"1024\" height=\"683\" src=\"http:\/\/www.racontemoitonhistoire.be\/wp-content\/uploads\/2023\/10\/pexels-mikhail-nilov-8923027-1024x683.jpg\" alt=\"\" class=\"wp-image-550\" style=\"width:460px;height:auto\" srcset=\"https:\/\/www.racontemoitonhistoire.be\/wp-content\/uploads\/2023\/10\/pexels-mikhail-nilov-8923027-1024x683.jpg 1024w, https:\/\/www.racontemoitonhistoire.be\/wp-content\/uploads\/2023\/10\/pexels-mikhail-nilov-8923027-300x200.jpg 300w, https:\/\/www.racontemoitonhistoire.be\/wp-content\/uploads\/2023\/10\/pexels-mikhail-nilov-8923027-768x512.jpg 768w, https:\/\/www.racontemoitonhistoire.be\/wp-content\/uploads\/2023\/10\/pexels-mikhail-nilov-8923027-1536x1024.jpg 1536w, https:\/\/www.racontemoitonhistoire.be\/wp-content\/uploads\/2023\/10\/pexels-mikhail-nilov-8923027-2048x1365.jpg 2048w\" sizes=\"(max-width: 1024px) 100vw, 1024px\" \/><\/a><\/figure>\n<\/div>\n\n\n<p>Le cabinet-atelier offre un large \u00e9ventail de m\u00e9diums: dessins, peinture, argile, jeu de sable, bricolage, marionnettes, poupons, livres, figurines, maison de poup\u00e9es, jeux corporels \u2026 La parole n&rsquo;est pas une obligation car le lieu propose de multiples moyens de communication.\u00a0 L&rsquo;enfant, ou l&rsquo;adolescent, est libre de choisir le support qui lui convient \u00e0 chaque s\u00e9ance. Le th\u00e9rapeute peut faire des propositions cr\u00e9atives en fonction de ce qu&rsquo;il a observ\u00e9.<\/p>\n\n\n\n<p>Elle s\u2019adresse \u00e0 des enfants, adolescents et jeunes adultes en psychoth\u00e9rapie individuelle. Pour la th\u00e9rapie avec les enfants, les parents sont associ\u00e9s \u00e0 la d\u00e9marche par des entretiens r\u00e9guliers\u00a0; si n\u00e9cessaire, des contacts sont pris avec les professionnels pr\u00e9sents autour de l\u2019enfant concern\u00e9.<\/p>\n\n\n\n<p><em>&nbsp;<\/em><\/p>\n\n\n\n<p><span class=\"Style102\">Pour plus d&rsquo;infos, rendez-vous sur le site internet suivant: <a href=\"http:\/\/www.therapie-jeu-creativite.com\/\" target=\"_blank\" rel=\"noopener noreferrer\"><strong><span style=\"color: #09519d;\">www.therapie-jeu-creativite.com<\/span><\/strong><\/a><\/span><\/p>\n\n\n\n<p>&nbsp;<\/p>\n\n\n<div class=\"wp-block-image\">\n<figure class=\"aligncenter size-full is-resized\"><a href=\"http:\/\/www.racontemoitonhistoire.be\/wp-content\/uploads\/2024\/09\/logo-version-jpeg.jpg\"><img loading=\"lazy\" decoding=\"async\" width=\"500\" height=\"500\" src=\"http:\/\/www.racontemoitonhistoire.be\/wp-content\/uploads\/2024\/09\/logo-version-jpeg.jpg\" alt=\"\" class=\"wp-image-603\" style=\"width:304px;height:auto\" srcset=\"https:\/\/www.racontemoitonhistoire.be\/wp-content\/uploads\/2024\/09\/logo-version-jpeg.jpg 500w, https:\/\/www.racontemoitonhistoire.be\/wp-content\/uploads\/2024\/09\/logo-version-jpeg-300x300.jpg 300w, https:\/\/www.racontemoitonhistoire.be\/wp-content\/uploads\/2024\/09\/logo-version-jpeg-150x150.jpg 150w, https:\/\/www.racontemoitonhistoire.be\/wp-content\/uploads\/2024\/09\/logo-version-jpeg-100x100.jpg 100w\" sizes=\"(max-width: 500px) 100vw, 500px\" \/><\/a><\/figure>\n<\/div>","protected":false},"excerpt":{"rendered":"<p>La Th\u00e9rapie par le Jeu et la Cr\u00e9ativit\u00e9, qu&rsquo;est-ce que c&rsquo;est ? Roxane Burton est la psychologue responsable du cabinet \u00ab\u00a0Raconte-moi ton histoire&#8230;\u00a0\u00bb qui s&rsquo;est sp\u00e9cialis\u00e9e dans le suivi d&rsquo;enfants, d&rsquo;adolescents et de jeunes adultes en utilisant la Th\u00e9rapie par le Jeu et la Cr\u00e9ativit\u00e9, famili\u00e8rement appel\u00e9e la TJC. Cette approche a \u00e9t\u00e9 cr\u00e9\u00e9e par [&hellip;]<\/p>\n","protected":false},"author":1,"featured_media":0,"parent":0,"menu_order":0,"comment_status":"closed","ping_status":"closed","template":"","meta":{"saved_in_kubio":false,"om_disable_all_campaigns":false,"_monsterinsights_skip_tracking":false,"_monsterinsights_sitenote_active":false,"_monsterinsights_sitenote_note":"","_monsterinsights_sitenote_category":0,"footnotes":""},"class_list":["post-9","page","type-page","status-publish","hentry"],"aioseo_notices":[],"kubio_ai_page_context":{"short_desc":"","purpose":"general"},"_links":{"self":[{"href":"https:\/\/www.racontemoitonhistoire.be\/index.php?rest_route=\/wp\/v2\/pages\/9","targetHints":{"allow":["GET"]}}],"collection":[{"href":"https:\/\/www.racontemoitonhistoire.be\/index.php?rest_route=\/wp\/v2\/pages"}],"about":[{"href":"https:\/\/www.racontemoitonhistoire.be\/index.php?rest_route=\/wp\/v2\/types\/page"}],"author":[{"embeddable":true,"href":"https:\/\/www.racontemoitonhistoire.be\/index.php?rest_route=\/wp\/v2\/users\/1"}],"replies":[{"embeddable":true,"href":"https:\/\/www.racontemoitonhistoire.be\/index.php?rest_route=%2Fwp%2Fv2%2Fcomments&post=9"}],"version-history":[{"count":16,"href":"https:\/\/www.racontemoitonhistoire.be\/index.php?rest_route=\/wp\/v2\/pages\/9\/revisions"}],"predecessor-version":[{"id":620,"href":"https:\/\/www.racontemoitonhistoire.be\/index.php?rest_route=\/wp\/v2\/pages\/9\/revisions\/620"}],"wp:attachment":[{"href":"https:\/\/www.racontemoitonhistoire.be\/index.php?rest_route=%2Fwp%2Fv2%2Fmedia&parent=9"}],"curies":[{"name":"wp","href":"https:\/\/api.w.org\/{rel}","templated":true}]}}